5
Calculate the highest common factor of 18 and 1192761.
9
What is the greatest common divisor of 12291 and 122599833?
723
Calculate the highest common divisor of 3435336 and 824.
8
Calculate the highest common divisor of 2533740 and 263780.
2420
Calculate the greatest common factor of 27243136 and 848.
16
What is the greatest common factor of 3710346 and 10448?
1306
What is the highest common factor of 4525370 and 40?
10
Calculate the greatest common factor of 267266930 and 33110.
3010
What is the highest common factor of 413 and 6422917?
59
What is the greatest common divisor of 199486 and 28?
14
Calculate the greatest common factor of 6994 and 598806.
26
What is the highest common divisor of 297959 and 191766?
1031
What is the highest common divisor of 9570 and 39042410?
3190
Calculate the highest common factor of 32293 and 1031123.
751
What is the highest common factor of 3714935 and 5140?
1285
What is the highest common factor of 3099773 and 9?
1
Calculate the greatest common factor of 214 and 19560242.
214
What is the greatest common divisor of 40 and 17566096?
8
What is the greatest common factor of 22976 and 45121633?
359
What is the greatest common factor of 851121 and 1827?
261
Calculate the greatest common factor of 6179 and 337995.
37
Calculate the greatest common factor of 54 and 11669274.
18
What is the greatest common divisor of 3439 and 200887?
19
Calculate the highest common factor of 66788 and 9353716.
1132
What is the greatest common factor of 18562 and 106?
2
Calculate the greatest common divisor of 5406 and 5693419.
901
What is the greatest common factor of 2310 and 4795590?
30
What is the highest common factor of 66 and 1545214?
22
Calculate the highest common divisor of 2409744 and 406992.
2928
What is the greatest common divisor of 352 and 56057342?
22
Calculate the highest common factor of 257510832 and 3936.
1968
Calculate the highest common factor of 1388 and 27787066.
694
What is the greatest common divisor of 16137 and 10329?
33
Calculate the greatest common factor of 39232 and 43456.
64
What is the highest common divisor of 789 and 38158407?
789
What is the highest common divisor of 515892 and 12636?
156
Calculate the greatest common divisor of 180075 and 535.
5
What is the highest common divisor of 88044 and 32168076?
8004
Calculate the greatest common factor of 13369148 and 52.
52
Calculate the greatest common divisor of 41509 and 1167491.
403
Calculate the highest common factor of 7910955 and 3150.
45
Calculate the greatest common divisor of 6177190 and 20.
10
What is the highest common divisor of 236134 and 1702?
74
What is the greatest common divisor of 2624 and 9631556?
164
What is the greatest common divisor of 294228 and 8076?
12
Calculate the greatest common factor of 3363 and 239304.
177
What is the greatest common divisor of 64 and 822006944?
32
Calculate the highest common factor of 65 and 23975471.
13
Calculate the greatest common divisor of 5185463 and 13113.
1457
What is the highest common divisor of 351850 and 50747?
31
Calculate the highest common factor of 4991320 and 140.
20
What is the greatest common divisor of 15059396 and 189508?
2596
What is the highest common divisor of 7816520 and 120?
40
Calculate the greatest common factor of 505379 and 7525.
301
What is the highest common factor of 10136 and 265216?
56
Calculate the greatest common factor of 124100 and 521152.
68
What is the highest common divisor of 744746 and 210094?
146
Calculate the greatest common factor of 1608 and 63693952.
536
What is the highest common divisor of 959576 and 6?
2
Calculate the highest common divisor of 2814 and 99498.
42
Calculate the greatest common factor of 3225777 and 876.
3
Calculate the highest common divisor of 17903 and 557.
1
Calculate the greatest common factor of 193645 and 65.
5
Calculate the highest common factor of 285606 and 4479906.
246
Calculate the highest common factor of 105 and 702604860.
15
What is the highest common factor of 2128 and 17920?
112
What is the greatest common factor of 467849 and 124603?
2351
Calculate the greatest common factor of 335683992 and 392.
56
Calculate the highest common factor of 473067 and 441.
63
Calculate the greatest common factor of 145516513 and 178.
89
Calculate the highest common factor of 3220087 and 292656.
871
What is the greatest common factor of 657552768 and 24?
24
Calculate the greatest common factor of 192 and 6037308.
12
Calculate the greatest common factor of 38912 and 292562.
38
What is the greatest common divisor of 21279928 and 86836?
5108
What is the highest common divisor of 53754 and 16014?
102
Calculate the highest common factor of 2196992 and 719662.
1226
What is the highest common factor of 9246 and 12328?
3082
What is the greatest common factor of 4 and 1019194?
2
What is the highest common divisor of 388 and 9932?
4
What is the greatest common factor of 4181 and 146799091?
4181
Calculate the highest common divisor of 21336 and 52100734.
1778
Calculate the greatest common factor of 623484 and 68379.
69
What is the highest common divisor of 1850 and 4525?
25
Calculate the greatest common divisor of 42291 and 532257.
381
Calculate the highest common divisor of 18121082 and 1533.
511
Calculate the highest common divisor of 880 and 20913365.
55
Calculate the highest common divisor of 15274 and 238.
14
Calculate the highest common divisor of 338537 and 798721.
943
What is the greatest common factor of 23604 and 12852?
84
What is the highest common divisor of 216 and 267132?
12
What is the greatest common divisor of 657666 and 187758?
1026
Calculate the greatest common factor of 330 and 61273245.
165
What is the highest common factor of 2444668 and 1224?
68
Calculate the highest common divisor of 1536 and 55531104.
96
What is the greatest common factor of 126273944 and 32?
8
Calculate the greatest common divisor of 80478 and 567426.
102
What is the greatest common factor of 872 and 4781176?
872
What is the greatest common factor of 363041 and 374801?
49
Calculate the greatest common factor of 144735 and 120.
15
What is the greatest common divisor of 23586990 and 21777?
357
What is the highest common factor of 518 and 195271237?
259
What is the highest common divisor of 861 and 24906?
21
What is the highest common factor of 768 and 1100208?
48
Calculate the greatest common divisor of 9755360 and 475.
95
Calculate the highest common factor of 183040 and 125996.
52
Calculate the highest common factor of 578385 and 825.
15
What is the highest common divisor of 7698 and 73434?
6
Calculate the greatest common factor of 494334 and 46458.
522
What is the greatest common factor of 709 and 18927?
1
Calculate the highest common factor of 14693165 and 199.
199
Calculate the highest common divisor of 1376 and 3588896.
32
Calculate the highest common divisor of 15262501 and 46.
23
Calculate the greatest common factor of 7940349 and 668.
167
What is the greatest common factor of 18176061 and 2121?
303
What is the greatest common divisor of 238 and 111084092?
14
What is the greatest common factor of 12358 and 8390414?
334
What is the greatest common factor of 2736057 and 276?
69
What is the greatest common factor of 52234 and 41387983?
3731
What is the highest common factor of 124 and 167316176?
124
Calculate the highest common factor of 75282 and 306.
6
Calculate the highest common factor of 6069558 and 62238.
2706
Calculate the greatest common divisor of 129789 and 7367877.
1881
Calculate the highest common divisor of 276 and 512745348.
276
What is the greatest common factor of 13706 and 27308226?
1958
What is the highest common factor of 371939 and 89?
1
What is the highest common divisor of 1739858 and 2082?
694
Calculate the greatest common factor of 27716468 and 130.
26
Calculate the greatest common factor of 2309840 and 12415.
65
What is the greatest common factor of 3870534 and 78?
6
What is the highest common factor of 180 and 681570?
90
What is the highest common factor of 53 and 2031331?
53
What is the greatest common divisor of 3515 and 1083545?
185
What is the greatest common factor of 387 and 113427?
9
What is the highest common divisor of 38 and 1398429298?
38
Calculate the highest common divisor of 280 and 644728.
56
Calculate the highe